{"id":233,"date":"2024-09-10T05:07:08","date_gmt":"2024-09-10T05:07:08","guid":{"rendered":"https:\/\/trustupconsulting.com\/?page_id=233"},"modified":"2024-10-08T17:05:59","modified_gmt":"2024-10-08T17:05:59","slug":"liderazgo-2","status":"publish","type":"page","link":"https:\/\/trustupconsulting.com\/index.php\/liderazgo-2\/","title":{"rendered":"Liderazgo"},"content":{"rendered":"\n<div class=\"wp-block-group has-background is-layout-flow wp-block-group-is-layout-flow\" style=\"background-color:#144672\">\n<div style=\"height:var(--wp--preset--spacing--30)\" aria-hidden=\"true\" class=\"wp-block-spacer\"><\/div>\n\n\n\n<h1 class=\"wp-block-heading alignwide has-accent-5-color has-text-color has-link-color has-body-font-family has-large-font-size wp-elements-29b61294c112bea4fe7ea590339d8f84\" style=\"padding-right:var(--wp--preset--spacing--20);padding-left:var(--wp--preset--spacing--20);line-height:1.2\">Conversemos sobre&#8230;<\/h1>\n\n\n\n<div class=\"wp-block-group is-vertical is-content-justification-right is-layout-flex wp-container-core-group-is-layout-c0d519fa wp-block-group-is-layout-flex\">\n<figure class=\"wp-block-image size-full\"><img fetchpriority=\"high\" decoding=\"async\" width=\"1366\" height=\"384\" src=\"https:\/\/trustupconsulting.com\/wp-content\/uploads\/2024\/10\/Header-Liderazgo-1.png\" alt=\"\" class=\"wp-image-444\" srcset=\"https:\/\/trustupconsulting.com\/wp-content\/uploads\/2024\/10\/Header-Liderazgo-1.png 1366w, https:\/\/trustupconsulting.com\/wp-content\/uploads\/2024\/10\/Header-Liderazgo-1-300x84.png 300w, https:\/\/trustupconsulting.com\/wp-content\/uploads\/2024\/10\/Header-Liderazgo-1-1024x288.png 1024w, https:\/\/trustupconsulting.com\/wp-content\/uploads\/2024\/10\/Header-Liderazgo-1-768x216.png 768w\" sizes=\"(max-width: 1366px) 100vw, 1366px\" \/><\/figure>\n<\/div>\n\n\n\n<div class=\"wp-block-group has-background is-content-justification-center is-nowrap is-layout-flex wp-container-core-group-is-layout-23441af8 wp-block-group-is-layout-flex\" style=\"background:linear-gradient(180deg,rgb(20,70,114) 0%,rgb(20,70,114) 28%,rgb(233,228,228) 100%);min-height:80px\"><\/div>\n<\/div>\n\n\n\n<div class=\"wp-block-group has-background is-layout-flow wp-block-group-is-layout-flow\" style=\"background-color:#e9e4e4\">\n<div class=\"wp-block-columns are-vertically-aligned-top is-not-stacked-on-mobile is-layout-flex wp-container-core-columns-is-layout-f75df745 wp-block-columns-is-layout-flex\" style=\"margin-top:var(--wp--preset--spacing--10);margin-bottom:var(--wp--preset--spacing--10);padding-top:var(--wp--preset--spacing--10);padding-right:var(--wp--preset--spacing--30);padding-bottom:var(--wp--preset--spacing--10);padding-left:var(--wp--preset--spacing--30)\">\n<div class=\"wp-block-column is-vertically-aligned-top is-layout-flow wp-block-column-is-layout-flow\" style=\"flex-basis:2%\">\n<figure class=\"wp-block-image aligncenter size-full\"><img decoding=\"async\" width=\"220\" height=\"218\" src=\"https:\/\/trustupconsulting.com\/wp-content\/uploads\/2024\/09\/Bullet.png\" alt=\"\" class=\"wp-image-159\" srcset=\"https:\/\/trustupconsulting.com\/wp-content\/uploads\/2024\/09\/Bullet.png 220w, https:\/\/trustupconsulting.com\/wp-content\/uploads\/2024\/09\/Bullet-150x150.png 150w\" sizes=\"(max-width: 220px) 100vw, 220px\" \/><\/figure>\n<\/div>\n\n\n\n<div class=\"wp-block-column is-vertically-aligned-top is-layout-flow wp-block-column-is-layout-flow\" style=\"flex-basis:98%\">\n<p style=\"padding-top:0;padding-bottom:0;font-size:clamp(15.747px, 0.984rem + ((1vw - 3.2px) * 0.86), 24px);\">\u00bfExiste una comunicaci\u00f3n adecuada y sin malentendidos entre todos los niveles jer\u00e1rquicos de su empresa?<\/p>\n<\/div>\n<\/div>\n\n\n\n<div class=\"wp-block-columns are-vertically-aligned-top is-not-stacked-on-mobile is-layout-flex wp-container-core-columns-is-layout-f75df745 wp-block-columns-is-layout-flex\" style=\"margin-top:var(--wp--preset--spacing--10);margin-bottom:var(--wp--preset--spacing--10);padding-top:var(--wp--preset--spacing--10);padding-right:var(--wp--preset--spacing--30);padding-bottom:var(--wp--preset--spacing--10);padding-left:var(--wp--preset--spacing--30)\">\n<div class=\"wp-block-column is-vertically-aligned-top is-layout-flow wp-block-column-is-layout-flow\" style=\"flex-basis:2%\">\n<figure class=\"wp-block-image aligncenter size-full\"><img decoding=\"async\" width=\"220\" height=\"218\" src=\"https:\/\/trustupconsulting.com\/wp-content\/uploads\/2024\/09\/Bullet.png\" alt=\"\" class=\"wp-image-159\" srcset=\"https:\/\/trustupconsulting.com\/wp-content\/uploads\/2024\/09\/Bullet.png 220w, https:\/\/trustupconsulting.com\/wp-content\/uploads\/2024\/09\/Bullet-150x150.png 150w\" sizes=\"(max-width: 220px) 100vw, 220px\" \/><\/figure>\n<\/div>\n\n\n\n<div class=\"wp-block-column is-vertically-aligned-top is-layout-flow wp-block-column-is-layout-flow\" style=\"flex-basis:98%\">\n<p style=\"padding-top:0;padding-bottom:0;font-size:clamp(15.747px, 0.984rem + ((1vw - 3.2px) * 0.86), 24px);\">\u00bfLos empleados consideran que reciben suficiente apoyo y oportunidades para su desarrollo profesional?<\/p>\n<\/div>\n<\/div>\n\n\n\n<div class=\"wp-block-columns are-vertically-aligned-top is-not-stacked-on-mobile is-layout-flex wp-container-core-columns-is-layout-f75df745 wp-block-columns-is-layout-flex\" style=\"margin-top:var(--wp--preset--spacing--10);margin-bottom:var(--wp--preset--spacing--10);padding-top:var(--wp--preset--spacing--10);padding-right:var(--wp--preset--spacing--30);padding-bottom:var(--wp--preset--spacing--10);padding-left:var(--wp--preset--spacing--30)\">\n<div class=\"wp-block-column is-vertically-aligned-top is-layout-flow wp-block-column-is-layout-flow\" style=\"flex-basis:2%\">\n<figure class=\"wp-block-image aligncenter size-full\"><img decoding=\"async\" width=\"220\" height=\"218\" src=\"https:\/\/trustupconsulting.com\/wp-content\/uploads\/2024\/09\/Bullet.png\" alt=\"\" class=\"wp-image-159\" srcset=\"https:\/\/trustupconsulting.com\/wp-content\/uploads\/2024\/09\/Bullet.png 220w, https:\/\/trustupconsulting.com\/wp-content\/uploads\/2024\/09\/Bullet-150x150.png 150w\" sizes=\"(max-width: 220px) 100vw, 220px\" \/><\/figure>\n<\/div>\n\n\n\n<div class=\"wp-block-column is-vertically-aligned-top is-layout-flow wp-block-column-is-layout-flow\" style=\"flex-basis:98%\">\n<p style=\"padding-top:0;padding-bottom:0;font-size:clamp(15.747px, 0.984rem + ((1vw - 3.2px) * 0.86), 24px);\">\u00bfExiste una total y constante armon\u00eda y cooperaci\u00f3n entre los departamentos de su empresa?<\/p>\n<\/div>\n<\/div>\n\n\n\n<div class=\"wp-block-columns are-vertically-aligned-top is-not-stacked-on-mobile is-layout-flex wp-container-core-columns-is-layout-f75df745 wp-block-columns-is-layout-flex\" style=\"margin-top:var(--wp--preset--spacing--10);margin-bottom:var(--wp--preset--spacing--10);padding-top:var(--wp--preset--spacing--10);padding-right:var(--wp--preset--spacing--30);padding-bottom:var(--wp--preset--spacing--10);padding-left:var(--wp--preset--spacing--30)\">\n<div class=\"wp-block-column is-vertically-aligned-top is-layout-flow wp-block-column-is-layout-flow\" style=\"flex-basis:2%\">\n<figure class=\"wp-block-image aligncenter size-full\"><img decoding=\"async\" width=\"220\" height=\"218\" src=\"https:\/\/trustupconsulting.com\/wp-content\/uploads\/2024\/09\/Bullet.png\" alt=\"\" class=\"wp-image-159\" srcset=\"https:\/\/trustupconsulting.com\/wp-content\/uploads\/2024\/09\/Bullet.png 220w, https:\/\/trustupconsulting.com\/wp-content\/uploads\/2024\/09\/Bullet-150x150.png 150w\" sizes=\"(max-width: 220px) 100vw, 220px\" \/><\/figure>\n<\/div>\n\n\n\n<div class=\"wp-block-column is-vertically-aligned-top is-layout-flow wp-block-column-is-layout-flow\" style=\"flex-basis:98%\">\n<p style=\"padding-top:0;padding-bottom:0;font-size:clamp(15.747px, 0.984rem + ((1vw - 3.2px) * 0.86), 24px);\">\u00bfLa rotaci\u00f3n de empleados en su empresa es muy baja, debido a la satisfacci\u00f3n con el liderazgo y el ambiente de trabajo?<\/p>\n<\/div>\n<\/div>\n\n\n\n<div class=\"wp-block-columns are-vertically-aligned-top is-not-stacked-on-mobile is-layout-flex wp-container-core-columns-is-layout-f75df745 wp-block-columns-is-layout-flex\" style=\"margin-top:var(--wp--preset--spacing--10);margin-bottom:var(--wp--preset--spacing--10);padding-top:var(--wp--preset--spacing--10);padding-right:var(--wp--preset--spacing--30);padding-bottom:var(--wp--preset--spacing--10);padding-left:var(--wp--preset--spacing--30)\">\n<div class=\"wp-block-column is-vertically-aligned-top is-layout-flow wp-block-column-is-layout-flow\" style=\"flex-basis:2%\">\n<figure class=\"wp-block-image aligncenter size-full\"><img decoding=\"async\" width=\"220\" height=\"218\" src=\"https:\/\/trustupconsulting.com\/wp-content\/uploads\/2024\/09\/Bullet.png\" alt=\"\" class=\"wp-image-159\" srcset=\"https:\/\/trustupconsulting.com\/wp-content\/uploads\/2024\/09\/Bullet.png 220w, https:\/\/trustupconsulting.com\/wp-content\/uploads\/2024\/09\/Bullet-150x150.png 150w\" sizes=\"(max-width: 220px) 100vw, 220px\" \/><\/figure>\n<\/div>\n\n\n\n<div class=\"wp-block-column is-vertically-aligned-top is-layout-flow wp-block-column-is-layout-flow\" style=\"flex-basis:98%\">\n<p style=\"padding-top:0;padding-bottom:0;font-size:clamp(15.747px, 0.984rem + ((1vw - 3.2px) * 0.86), 24px);\">\u00bfEst\u00e1n alineados los prop\u00f3sitos de la empresa con los prop\u00f3sitos de sus colaboradores?<\/p>\n<\/div>\n<\/div>\n\n\n\n<div class=\"wp-block-group has-background is-content-justification-center is-nowrap is-layout-flex wp-container-core-group-is-layout-23441af8 wp-block-group-is-layout-flex\" style=\"background:linear-gradient(180deg,rgb(233,228,228) 0%,rgb(255,255,255) 100%);min-height:80px\"><\/div>\n<\/div>\n\n\n\n<div class=\"wp-block-group is-layout-flow wp-block-group-is-layout-flow\">\n<div class=\"wp-block-columns are-vertically-aligned-top is-not-stacked-on-mobile is-layout-flex wp-container-core-columns-is-layout-aa1829d7 wp-block-columns-is-layout-flex\" style=\"margin-top:var(--wp--preset--spacing--10);margin-bottom:var(--wp--preset--spacing--10);padding-right:var(--wp--preset--spacing--30);padding-left:var(--wp--preset--spacing--30)\">\n<div class=\"wp-block-column is-vertically-aligned-top is-layout-flow wp-block-column-is-layout-flow\" style=\"flex-basis:2%\">\n<figure class=\"wp-block-image aligncenter size-full\"><img decoding=\"async\" width=\"251\" height=\"249\" src=\"https:\/\/trustupconsulting.com\/wp-content\/uploads\/2024\/09\/Bullet_2.png\" alt=\"\" class=\"wp-image-169\" srcset=\"https:\/\/trustupconsulting.com\/wp-content\/uploads\/2024\/09\/Bullet_2.png 251w, https:\/\/trustupconsulting.com\/wp-content\/uploads\/2024\/09\/Bullet_2-150x150.png 150w\" sizes=\"(max-width: 251px) 100vw, 251px\" \/><\/figure>\n<\/div>\n\n\n\n<div class=\"wp-block-column is-vertically-aligned-top is-layout-flow wp-block-column-is-layout-flow\" style=\"flex-basis:98%\">\n<p style=\"padding-top:0;padding-right:0;padding-bottom:0;padding-left:0;font-size:clamp(15.747px, 0.984rem + ((1vw - 3.2px) * 0.86), 24px);\">Si tu respuesta es &#8220;No&#8221; para 3 o m\u00e1s de las preguntas anteriores, necesitas revisar el ambiente de liderazgo y trabajo en equipo de tu empresa.<\/p>\n<\/div>\n<\/div>\n\n\n\n<div class=\"wp-block-columns are-vertically-aligned-top is-not-stacked-on-mobile is-layout-flex wp-container-core-columns-is-layout-aa1829d7 wp-block-columns-is-layout-flex\" style=\"margin-top:var(--wp--preset--spacing--10);margin-bottom:var(--wp--preset--spacing--10);padding-right:var(--wp--preset--spacing--30);padding-left:var(--wp--preset--spacing--30)\">\n<div class=\"wp-block-column is-vertically-aligned-top is-layout-flow wp-block-column-is-layout-flow\" style=\"flex-basis:2%\">\n<figure class=\"wp-block-image aligncenter size-full\"><img decoding=\"async\" width=\"251\" height=\"249\" src=\"https:\/\/trustupconsulting.com\/wp-content\/uploads\/2024\/09\/Bullet_2.png\" alt=\"\" class=\"wp-image-169\" srcset=\"https:\/\/trustupconsulting.com\/wp-content\/uploads\/2024\/09\/Bullet_2.png 251w, https:\/\/trustupconsulting.com\/wp-content\/uploads\/2024\/09\/Bullet_2-150x150.png 150w\" sizes=\"(max-width: 251px) 100vw, 251px\" \/><\/figure>\n<\/div>\n\n\n\n<div class=\"wp-block-column is-vertically-aligned-top is-layout-flow wp-block-column-is-layout-flow\" style=\"flex-basis:98%\">\n<p style=\"padding-top:0;padding-bottom:0;font-size:clamp(14px, 0.875rem + ((1vw - 3.2px) * 0.625), 20px);\">Vivimos en un mundo donde la \u00fanica constante es el cambio, un cambio cada vez m\u00e1s r\u00e1pido. Nos enfrentamos a nuevos desaf\u00edos para los que debemos estar preparados antes que el mercado nos haga desaparecer. Tener claro el prop\u00f3sito, los objetivos, tener un equipo cohesionado, que sea capaz de adaptarse a los nuevos desaf\u00edos, es tan importante como lograr las metas&nbsp;&nbsp;y cumplir con nuestros clientes. Resiliencia, Trabajo en Equipo, Prop\u00f3sito, Resoluci\u00f3n de Conflictos, Adaptabilidad, Clima Laboral, Liderazgo, entre otras, son palabras que escuchamos a diario.<\/p>\n<\/div>\n<\/div>\n\n\n\n<div class=\"wp-block-columns are-vertically-aligned-top is-not-stacked-on-mobile is-layout-flex wp-container-core-columns-is-layout-aa1829d7 wp-block-columns-is-layout-flex\" style=\"margin-top:var(--wp--preset--spacing--10);margin-bottom:var(--wp--preset--spacing--10);padding-right:var(--wp--preset--spacing--30);padding-left:var(--wp--preset--spacing--30)\">\n<div class=\"wp-block-column is-vertically-aligned-top is-layout-flow wp-block-column-is-layout-flow\" style=\"flex-basis:2%\">\n<figure class=\"wp-block-image aligncenter size-full\"><img decoding=\"async\" width=\"251\" height=\"249\" src=\"https:\/\/trustupconsulting.com\/wp-content\/uploads\/2024\/09\/Bullet_2.png\" alt=\"\" class=\"wp-image-169\" srcset=\"https:\/\/trustupconsulting.com\/wp-content\/uploads\/2024\/09\/Bullet_2.png 251w, https:\/\/trustupconsulting.com\/wp-content\/uploads\/2024\/09\/Bullet_2-150x150.png 150w\" sizes=\"(max-width: 251px) 100vw, 251px\" \/><\/figure>\n<\/div>\n\n\n\n<div class=\"wp-block-column is-vertically-aligned-top is-layout-flow wp-block-column-is-layout-flow\" style=\"flex-basis:98%\">\n<div class=\"wp-block-group is-vertical is-layout-flex wp-container-core-group-is-layout-fe9cc265 wp-block-group-is-layout-flex\">\n<p style=\"padding-top:0;padding-bottom:0;font-size:clamp(14px, 0.875rem + ((1vw - 3.2px) * 0.625), 20px);\">Hoy, m\u00e1s que nunca, es importante y necesario estar preparado, tener las herramientas para enfrentar los cambios y mantener los n\u00fameros y la gesti\u00f3n controlada y, si tienes dudas o cambios que se aproximan, saber c\u00f3mo enfrentarlos.<\/p>\n<\/div>\n<\/div>\n<\/div>\n\n\n\n<div class=\"wp-block-columns are-vertically-aligned-top is-not-stacked-on-mobile is-layout-flex wp-container-core-columns-is-layout-aa1829d7 wp-block-columns-is-layout-flex\" style=\"margin-top:var(--wp--preset--spacing--10);margin-bottom:var(--wp--preset--spacing--10);padding-right:var(--wp--preset--spacing--30);padding-left:var(--wp--preset--spacing--30)\">\n<div class=\"wp-block-column is-vertically-aligned-top is-layout-flow wp-block-column-is-layout-flow\" style=\"padding-right:0;padding-left:0;flex-basis:2%\">\n<figure class=\"wp-block-image aligncenter size-full\"><img decoding=\"async\" width=\"251\" height=\"249\" src=\"https:\/\/trustupconsulting.com\/wp-content\/uploads\/2024\/09\/Bullet_2.png\" alt=\"\" class=\"wp-image-169\" srcset=\"https:\/\/trustupconsulting.com\/wp-content\/uploads\/2024\/09\/Bullet_2.png 251w, https:\/\/trustupconsulting.com\/wp-content\/uploads\/2024\/09\/Bullet_2-150x150.png 150w\" sizes=\"(max-width: 251px) 100vw, 251px\" \/><\/figure>\n<\/div>\n\n\n\n<div class=\"wp-block-column is-vertically-aligned-top is-layout-flow wp-block-column-is-layout-flow\" style=\"flex-basis:98%\">\n<p style=\"padding-top:0;padding-bottom:0;font-size:clamp(15.747px, 0.984rem + ((1vw - 3.2px) * 0.86), 24px);font-style:normal;font-weight:800\">Tomemos un caf\u00e9 para conversar sobre c\u00f3mo podemos ayudar a tu empresa en las habilidades de sus l\u00edderes y la calidad del trabajo en equipo entre sus departamentos. D\u00e9janos tus datos&nbsp;<a href=\"https:\/\/trustupconsulting.com\/index.php\/formulario-de-contacto\/\" data-type=\"page\" data-id=\"376\"><mark style=\"background-color:rgba(0, 0, 0, 0)\" class=\"has-inline-color has-custom-color-1-color\">aqu\u00ed<\/mark><\/a>&nbsp;y te contactaremos.<\/p>\n<\/div>\n<\/div>\n<\/div>\n\n\n\n<div style=\"height:var(--wp--preset--spacing--40)\" aria-hidden=\"true\" class=\"wp-block-spacer\"><\/div>\n\n\n\n<div class=\"wp-block-group has-background is-layout-flow wp-block-group-is-layout-flow\" style=\"background-color:#e6dcd1\">\n<p class=\"has-accent-5-background-color has-background has-x-large-font-size\" style=\"padding-top:0;padding-right:var(--wp--preset--spacing--20);padding-bottom:0;padding-left:var(--wp--preset--spacing--20);font-style:normal;font-weight:500\">Objetivos<\/p>\n\n\n\n<div class=\"wp-block-columns is-not-stacked-on-mobile is-layout-flex wp-container-core-columns-is-layout-b7a2cee4 wp-block-columns-is-layout-flex\" style=\"margin-top:var(--wp--preset--spacing--10);margin-bottom:var(--wp--preset--spacing--10);padding-top:0;padding-right:var(--wp--preset--spacing--30);padding-bottom:0;padding-left:var(--wp--preset--spacing--30)\">\n<div class=\"wp-block-column is-vertically-aligned-top is-layout-flow wp-block-column-is-layout-flow\" style=\"flex-basis:2%\">\n<figure class=\"wp-block-image aligncenter size-full\"><img loading=\"lazy\" decoding=\"async\" width=\"231\" height=\"231\" src=\"https:\/\/trustupconsulting.com\/wp-content\/uploads\/2024\/09\/Bullet_3.png\" alt=\"\" class=\"wp-image-225\" srcset=\"https:\/\/trustupconsulting.com\/wp-content\/uploads\/2024\/09\/Bullet_3.png 231w, https:\/\/trustupconsulting.com\/wp-content\/uploads\/2024\/09\/Bullet_3-150x150.png 150w\" sizes=\"(max-width: 231px) 100vw, 231px\" \/><\/figure>\n<\/div>\n\n\n\n<div class=\"wp-block-column is-vertically-aligned-top is-layout-flow wp-block-column-is-layout-flow\" style=\"flex-basis:98%\">\n<p style=\"padding-top:0;padding-bottom:0;font-size:clamp(15.747px, 0.984rem + ((1vw - 3.2px) * 0.86), 24px);\">Evaluar el nivel de trabajo en equipo y\/o la calidad del liderazgo de tu empresa.<\/p>\n<\/div>\n<\/div>\n\n\n\n<div class=\"wp-block-columns is-not-stacked-on-mobile is-layout-flex wp-container-core-columns-is-layout-6af4de7f wp-block-columns-is-layout-flex\" style=\"margin-top:0;margin-bottom:0;padding-top:0;padding-right:var(--wp--preset--spacing--30);padding-bottom:0;padding-left:var(--wp--preset--spacing--30)\">\n<div class=\"wp-block-column is-vertically-aligned-top is-layout-flow wp-block-column-is-layout-flow\" style=\"flex-basis:2%\">\n<figure class=\"wp-block-image aligncenter size-full\"><img loading=\"lazy\" decoding=\"async\" width=\"231\" height=\"231\" src=\"https:\/\/trustupconsulting.com\/wp-content\/uploads\/2024\/09\/Bullet_3.png\" alt=\"\" class=\"wp-image-225\" srcset=\"https:\/\/trustupconsulting.com\/wp-content\/uploads\/2024\/09\/Bullet_3.png 231w, https:\/\/trustupconsulting.com\/wp-content\/uploads\/2024\/09\/Bullet_3-150x150.png 150w\" sizes=\"(max-width: 231px) 100vw, 231px\" \/><\/figure>\n<\/div>\n\n\n\n<div class=\"wp-block-column is-vertically-aligned-top is-layout-flow wp-block-column-is-layout-flow\" style=\"flex-basis:98%\">\n<p style=\"padding-top:0;padding-bottom:0;font-size:clamp(15.747px, 0.984rem + ((1vw - 3.2px) * 0.86), 24px);\">Encontrar los puntos a mejorar y proponer caminos a seguir.<\/p>\n<\/div>\n<\/div>\n\n\n\n<div class=\"wp-block-columns is-not-stacked-on-mobile is-layout-flex wp-container-core-columns-is-layout-b7a2cee4 wp-block-columns-is-layout-flex\" style=\"margin-top:var(--wp--preset--spacing--10);margin-bottom:var(--wp--preset--spacing--10);padding-top:0;padding-right:var(--wp--preset--spacing--30);padding-bottom:0;padding-left:var(--wp--preset--spacing--30)\">\n<div class=\"wp-block-column is-vertically-aligned-top is-layout-flow wp-block-column-is-layout-flow\" style=\"flex-basis:2%\">\n<figure class=\"wp-block-image aligncenter size-full\"><img loading=\"lazy\" decoding=\"async\" width=\"231\" height=\"231\" src=\"https:\/\/trustupconsulting.com\/wp-content\/uploads\/2024\/09\/Bullet_3.png\" alt=\"\" class=\"wp-image-225\" srcset=\"https:\/\/trustupconsulting.com\/wp-content\/uploads\/2024\/09\/Bullet_3.png 231w, https:\/\/trustupconsulting.com\/wp-content\/uploads\/2024\/09\/Bullet_3-150x150.png 150w\" sizes=\"(max-width: 231px) 100vw, 231px\" \/><\/figure>\n<\/div>\n\n\n\n<div class=\"wp-block-column is-vertically-aligned-top is-layout-flow wp-block-column-is-layout-flow\" style=\"flex-basis:98%\">\n<p style=\"padding-top:0;padding-bottom:0;font-size:clamp(15.747px, 0.984rem + ((1vw - 3.2px) * 0.86), 24px);\">Colaborar en generar un plan estrat\u00e9gico que le permita a tu organizaci\u00f3n enfrentar los desaf\u00edos presentes y futuros con un liderazgo potente y un equipo bien afiatado.<\/p>\n<\/div>\n<\/div>\n\n\n\n<div class=\"wp-block-columns is-not-stacked-on-mobile is-layout-flex wp-container-core-columns-is-layout-b7a2cee4 wp-block-columns-is-layout-flex\" style=\"margin-top:var(--wp--preset--spacing--10);margin-bottom:var(--wp--preset--spacing--10);padding-top:0;padding-right:var(--wp--preset--spacing--30);padding-bottom:0;padding-left:var(--wp--preset--spacing--30)\">\n<div class=\"wp-block-column is-vertically-aligned-top is-layout-flow wp-block-column-is-layout-flow\" style=\"flex-basis:2%\">\n<figure class=\"wp-block-image aligncenter size-full\"><img loading=\"lazy\" decoding=\"async\" width=\"231\" height=\"231\" src=\"https:\/\/trustupconsulting.com\/wp-content\/uploads\/2024\/09\/Bullet_3.png\" alt=\"\" class=\"wp-image-225\" srcset=\"https:\/\/trustupconsulting.com\/wp-content\/uploads\/2024\/09\/Bullet_3.png 231w, https:\/\/trustupconsulting.com\/wp-content\/uploads\/2024\/09\/Bullet_3-150x150.png 150w\" sizes=\"(max-width: 231px) 100vw, 231px\" \/><\/figure>\n<\/div>\n\n\n\n<div class=\"wp-block-column is-vertically-aligned-top is-layout-flow wp-block-column-is-layout-flow\" style=\"flex-basis:98%\">\n<p style=\"padding-top:0;padding-bottom:0;font-size:clamp(15.747px, 0.984rem + ((1vw - 3.2px) * 0.86), 24px);font-style:normal;font-weight:800\">Hacer visible que los ahorros que generar\u00e1 una mejora en el ambiente de liderazgo y trabajo en equipo cubrir\u00e1n con creces el costo de nuestra asesor\u00eda.<\/p>\n<\/div>\n<\/div>\n<\/div>\n\n\n\n<div style=\"height:var(--wp--preset--spacing--10)\" aria-hidden=\"true\" class=\"wp-block-spacer\"><\/div>\n","protected":false},"excerpt":{"rendered":"<p>Conversemos sobre&#8230; \u00bfExiste una comunicaci\u00f3n adecuada y sin malentendidos entre todos los niveles jer\u00e1rquicos de su empresa? \u00bfLos empleados consideran que reciben suficiente apoyo y oportunidades para su desarrollo profesional? \u00bfExiste una total y constante armon\u00eda y cooperaci\u00f3n entre los departamentos de su empresa? \u00bfLa rotaci\u00f3n de empleados en su empresa es muy baja, debido [&hellip;]<\/p>\n","protected":false},"author":1,"featured_media":0,"parent":0,"menu_order":0,"comment_status":"closed","ping_status":"closed","template":"wp-custom-template-p-ginas-interiores","meta":{"footnotes":""},"class_list":["post-233","page","type-page","status-publish","hentry"],"_links":{"self":[{"href":"https:\/\/trustupconsulting.com\/index.php\/wp-json\/wp\/v2\/pages\/233","targetHints":{"allow":["GET"]}}],"collection":[{"href":"https:\/\/trustupconsulting.com\/index.php\/wp-json\/wp\/v2\/pages"}],"about":[{"href":"https:\/\/trustupconsulting.com\/index.php\/wp-json\/wp\/v2\/types\/page"}],"author":[{"embeddable":true,"href":"https:\/\/trustupconsulting.com\/index.php\/wp-json\/wp\/v2\/users\/1"}],"replies":[{"embeddable":true,"href":"https:\/\/trustupconsulting.com\/index.php\/wp-json\/wp\/v2\/comments?post=233"}],"version-history":[{"count":6,"href":"https:\/\/trustupconsulting.com\/index.php\/wp-json\/wp\/v2\/pages\/233\/revisions"}],"predecessor-version":[{"id":458,"href":"https:\/\/trustupconsulting.com\/index.php\/wp-json\/wp\/v2\/pages\/233\/revisions\/458"}],"wp:attachment":[{"href":"https:\/\/trustupconsulting.com\/index.php\/wp-json\/wp\/v2\/media?parent=233"}],"curies":[{"name":"wp","href":"https:\/\/api.w.org\/{rel}","templated":true}]}}