{"id":406,"date":"2024-09-30T22:13:03","date_gmt":"2024-09-30T22:13:03","guid":{"rendered":"https:\/\/trustupconsulting.com\/?page_id=406"},"modified":"2024-09-30T23:33:21","modified_gmt":"2024-09-30T23:33:21","slug":"politica-de-privacidad","status":"publish","type":"page","link":"https:\/\/trustupconsulting.com\/index.php\/politica-de-privacidad\/","title":{"rendered":"Pol\u00edtica de Privacidad"},"content":{"rendered":"\n<div class=\"wp-block-group has-base-2-background-color has-background is-layout-flow wp-block-group-is-layout-flow\" style=\"padding-right:var(--wp--preset--spacing--30);padding-left:var(--wp--preset--spacing--30)\">\n<div style=\"height:50px\" aria-hidden=\"true\" class=\"wp-block-spacer\"><\/div>\n\n\n\n<h2 class=\"wp-block-heading has-body-font-family\" style=\"font-style:normal;font-weight:400\">Pol\u00edtica de Privacidad<\/h2>\n\n\n\n<div style=\"height:20px\" aria-hidden=\"true\" class=\"wp-block-spacer\"><\/div>\n\n\n\n<p>La direcci\u00f3n de nuestro sitio web es: https:\/\/trustupconsulting.com.<\/p>\n\n\n\n<p style=\"padding-top:var(--wp--preset--spacing--10);padding-bottom:var(--wp--preset--spacing--10)\">En Trust Up Consulting, valoramos la privacidad de nuestros usuarios y clientes. Los datos ingresados en el formulario de contacto, como nombre, correo electr\u00f3nico y tel\u00e9fono, ser\u00e1n utilizados exclusivamente para responder consultas y coordinar comunicaciones relacionadas con nuestros servicios. Estos datos no ser\u00e1n compartidos con terceros bajo ninguna circunstancia.<\/p>\n\n\n\n<p style=\"padding-top:var(--wp--preset--spacing--10);padding-bottom:var(--wp--preset--spacing--10)\">Asimismo, la informaci\u00f3n proporcionada en el marco de la prestaci\u00f3n de cualquier servicio ser\u00e1 tratada con total confidencialidad y se utilizar\u00e1 \u00fanicamente para cumplir con las obligaciones del servicio contratado, sin ser divulgada ni utilizada para otros fines.<\/p>\n\n\n\n<p style=\"padding-top:var(--wp--preset--spacing--10);padding-bottom:var(--wp--preset--spacing--10)\">Cumplimos con las normativas de protecci\u00f3n de datos aplicables.<\/p>\n\n\n\n<p style=\"padding-top:var(--wp--preset--spacing--10);padding-bottom:var(--wp--preset--spacing--10);font-style:normal;font-weight:700\">Contenido incrustado de otros sitios web<\/p>\n\n\n\n<p style=\"padding-top:var(--wp--preset--spacing--10);padding-bottom:var(--wp--preset--spacing--10)\">Los art\u00edculos de este sitio pueden incluir contenido incrustado (por ejemplo, v\u00eddeos, im\u00e1genes, art\u00edculos, etc.). El contenido incrustado de otros sitios web se comporta exactamente de la misma manera que si el visitante hubiera visitado el otro sitio web.<\/p>\n\n\n\n<p style=\"padding-top:var(--wp--preset--spacing--10);padding-bottom:var(--wp--preset--spacing--10)\">Estos sitios web pueden recopilar datos sobre ti, usar cookies, incrustar seguimiento adicional de terceros y monitorear tu interacci\u00f3n con ese contenido incrustado, incluido el seguimiento de tu interacci\u00f3n con el contenido incrustado si tienes una cuenta y has iniciado sesi\u00f3n en ese sitio web.<\/p>\n\n\n\n<p style=\"padding-top:var(--wp--preset--spacing--10);padding-bottom:var(--wp--preset--spacing--10);font-style:normal;font-weight:700\">\u00bfQu\u00e9 derechos tienes sobre tus datos?<\/p>\n\n\n\n<p style=\"padding-top:var(--wp--preset--spacing--10);padding-bottom:var(--wp--preset--spacing--10)\">Si nos has enviado tus datos de contacto, puedes solicitar recibir un archivo con los datos personales que tenemos sobre ti, incluidos los datos que nos hayas proporcionado. Tambi\u00e9n puedes solicitar que borremos cualquier dato personal que tengamos sobre ti. Esto no incluye ning\u00fan dato que estemos obligados a conservar por motivos administrativos, legales o de seguridad.<\/p>\n\n\n\n<div style=\"height:50px\" aria-hidden=\"true\" class=\"wp-block-spacer\"><\/div>\n<\/div>\n","protected":false},"excerpt":{"rendered":"<p>Pol\u00edtica de Privacidad La direcci\u00f3n de nuestro sitio web es: https:\/\/trustupconsulting.com. En Trust Up Consulting, valoramos la privacidad de nuestros usuarios y clientes. Los datos ingresados en el formulario de contacto, como nombre, correo electr\u00f3nico y tel\u00e9fono, ser\u00e1n utilizados exclusivamente para responder consultas y coordinar comunicaciones relacionadas con nuestros servicios. Estos datos no ser\u00e1n compartidos [&hellip;]<\/p>\n","protected":false},"author":1,"featured_media":0,"parent":0,"menu_order":0,"comment_status":"closed","ping_status":"closed","template":"wp-custom-template-p-ginas-interiores","meta":{"footnotes":""},"class_list":["post-406","page","type-page","status-publish","hentry"],"_links":{"self":[{"href":"https:\/\/trustupconsulting.com\/index.php\/wp-json\/wp\/v2\/pages\/406","targetHints":{"allow":["GET"]}}],"collection":[{"href":"https:\/\/trustupconsulting.com\/index.php\/wp-json\/wp\/v2\/pages"}],"about":[{"href":"https:\/\/trustupconsulting.com\/index.php\/wp-json\/wp\/v2\/types\/page"}],"author":[{"embeddable":true,"href":"https:\/\/trustupconsulting.com\/index.php\/wp-json\/wp\/v2\/users\/1"}],"replies":[{"embeddable":true,"href":"https:\/\/trustupconsulting.com\/index.php\/wp-json\/wp\/v2\/comments?post=406"}],"version-history":[{"count":5,"href":"https:\/\/trustupconsulting.com\/index.php\/wp-json\/wp\/v2\/pages\/406\/revisions"}],"predecessor-version":[{"id":413,"href":"https:\/\/trustupconsulting.com\/index.php\/wp-json\/wp\/v2\/pages\/406\/revisions\/413"}],"wp:attachment":[{"href":"https:\/\/trustupconsulting.com\/index.php\/wp-json\/wp\/v2\/media?parent=406"}],"curies":[{"name":"wp","href":"https:\/\/api.w.org\/{rel}","templated":true}]}}